 214217 - 150489. What is the thousands digit of d?
9
Let d = 16366 - 8971. What is the hundreds digit of d?
3
Suppose 12*z - 17*z - 5*m + 88910 = 0, -z + 17758 = 4*m. What is the tens digit of z?
9
Suppose 29*i - 118098 = -12132. What is the hundreds digit of i?
6
What is the units digit of 22/66 + ((-271630)/(-15))/1?
9
Let u = 7394 - 50. What is the tens digit of u?
4
Suppose 0 = 15*p + 977 + 88. Suppose 3*i - 85 = 197. Let m = i - p. What is the units digit of m?
5
Suppose 0 = 4199*i - 4218*i + 982053. What is the ten thousands digit of i?
5
Let s(x) be the second derivative of x**4/2 - 5*x**3/3 - 21*x**2 - 6*x - 1. What is the hundreds digit of s(-6)?
2
Suppose 15288 = -b - 2*b + y + 74097, 5*y = 0. What is the ten thousands digit of b?
1
Let s = -6451 + 25156. What is the ten thousands digit of s?
1
What is the units digit of (-1 + 376)/(11*7/385)?
5
Suppose 676 = -4*q - l + 157, 3*q = 3*l - 378. Let z(j) = 25*j**2 + j - 4. Let c be z(-3). Let r = c + q. What is the tens digit of r?
8
What is the tens digit of (-2444)/130 - -20 - 60648/(-10)?
6
Let v(p) = -p**2 + 3*p - 3. Let d be v(5). Let y(n) = -n**2 - 14*n + 24. Let f be y(d). Let o = 53 - f. What is the units digit of o?
6
Let b be 765484/29 + (-8)/(-2). Suppose 5*v = 27*v - b. What is the thousands digit of v?
1
Suppose -4*m = -5*g + 400, 0*g + 2*g - 5*m - 160 = 0. Let l = 788 + -768. Suppose -16*s + l*s - g = 0. What is the units digit of s?
0
What is the units digit of (-2057*(-99)/3 - 5) + -4?
2
Let f(l) = -998*l + 1579. What is the ten thousands digit of f(-11)?
1
Suppose 0 = 3*y + z - 6*z - 75, -75 = -3*y - 3*z. Let d be 159/12*(y - -7). Suppose 14*m = 6*m + d. What is the tens digit of m?
5
Let v(g) = -6*g + 55. Let w be v(9). What is the units digit of -1 + (35/(-25))/(w/(-65))?
0
Suppose -79*z = -16*z + 45*z - 432972. What is the hundreds digit of z?
0
Let z(t) = -1 + 3 + 2 + 43*t**2 - 12. What is the tens digit of z(2)?
6
Let x(f) = 147*f**2 + 6*f + 119. Let q be x(9). Suppose 31*h - q = -9*h. What is the tens digit of h?
0
Suppose -8*w + 16 = -4*w, 0 = -x + w + 6. Suppose -4*n + 629 = a, 2*n - 287 = x*a - 5*a. What is the hundreds digit of n?
1
Suppose -4*u + 11806 = -8334. What is the hundreds digit of u?
0
Let s = -49 - -43. Let z = s + 12. Suppose 3*k + t = 297, 4*t - 2*t = -z. What is the hundreds digit of k?
1
Suppose 0 = -11*l - 28 + 28. What is the tens digit of l - (10*-6 - 6)?
6
Let o = -17982 - -20584. What is the tens digit of o?
0
Let g(l) = l**3 + 6*l**2 + 2*l + 10. Let c be g(-3). Suppose -v = -1, 36*v - c*v - 75 = -t. What is the units digit of t?
0
Let b(w) = 2*w**2 - 7*w + 8. Let u be b(1). Suppose 4*v = i - 303, u*i = -7*v + 5*v + 965. What is the units digit of i?
9
Let h be (-1)/(-13) - (-95091)/(-1131). Let m(i) = 27*i - 6. Let x be m(4). Let k = h + x. What is the tens digit of k?
1
Suppose 375*l - 395*l = -339400. What is the ten thousands digit of l?
1
Let h(y) = y**3 + 22*y**2 + 37*y + 13. Let v be (2*-2)/(-23 + 22). Suppose 67 = -5*a - c - 30, 0 = 2*a + v*c + 28. What is the tens digit of h(a)?
7
Let t = 55486 + -32710. What is the tens digit of t?
7
Suppose 5*y - 113475 = -3*i - 2*i, -3*i + 45386 = 2*y. What is the tens digit of y?
9
Suppose -29366 = 52*i - 57*i - n, -3*i - n + 17620 = 0. What is the units digit of i?
3
What is the tens digit of 869492/32 + (-27)/(-72)?
7
Suppose 6*a - 8526 - 10232 = 4*z, -4*z = -4. What is the thousands digit of a?
3
Let m(g) = -g**3 - 2*g + 60. Let z be m(0). Let v = z - 27. Suppose b = 2*w + 52, b = -4*w + 109 - v. What is the units digit of b?
0
Suppose 0 = 5*u - 7 - 13. Suppose -v = u*v. Suppose 5*q + 2*o - 8 = 0, v = -4*q - 3*o + 4 + 1. What is the units digit of q?
2
Let y(m) = 3*m**2 - 38*m + 3193. What is the hundreds digit of y(-134)?
1
Suppose -462*g + 1966033 = -1275821. What is the units digit of g?
7
What is the tens digit of ((-9)/54*-14)/(2/972)?
3
Let c(i) = 2*i**2 + 8*i + 11. Let q(w) = w**2 - 5*w - 6. Let n be q(5). What is the units digit of c(n)?
5
Let w(c) = c**2 + 5*c - 8. Let t be w(-7). Suppose l + 0*l = -t. What is the tens digit of l/21 - (324/(-7) + -4)?
5
Suppose -3*z + 0*z = 3*j - 6, -5*z - 4*j = -12. Suppose -z*p + 2*p - 32 = 0. What is the hundreds digit of (-2)/p*844 - (-6)/(-4)?
1
Let z = -21788 + 47818. What is the thousands digit of z?
6
Let k = 4143 + -4259. Suppose -5*m - 192 = -5*v - 7, -4*v - 8 = 0. What is the tens digit of (k/(-6))/((-4)/(3 + m))?
7
Let s = -2273 + 3921. What is the hundreds digit of s?
6
Let c be -4 + 4 + -1 - 2. Let s be -2*(c/(-15) - (-33)/(-15)). Suppose -z + d = -66, -4*d - 263 = -s*z + d. What is the units digit of z?
7
Suppose -b + 541 = 2*j, 4*b = -j + 1 + 259. Suppose 4*o + 660 = 4*p, 3*p + 3*o - j = 223. What is the units digit of 32120/p - 2*(-2)/(-6)?
4
What is the tens digit of (1 - -20699) + (33 - 33)?
0
What is the units digit of (-289584)/(-63) - ((-11)/(231/(-54)) - 2)?
6
Suppose -31*k = -48*k + 102. Suppose 666 = 5*f - 3*r, k*f - 5*r = f + 670. What is the hundreds digit of f?
1
Suppose 5*r = -15, -2*r + 433 = 4*s - 5*r. Let o = 50 - s. Let h = 0 - o. What is the tens digit of h?
5
Let f = 549 - 956. Let x = 205 - f. Suppose -3*p + 0*p - 2*d + x = 0, p = 2*d + 212. What is the units digit of p?
6
Let v(a) = -101*a + 1614. What is the hundreds digit of v(-98)?
5
Let f = -43 + 44. Let l be (-3672)/(-168) + f/7. What is the units digit of 4*(-1 - l/(-8))?
7
Let u be 10 - (7 - (0 - -7)). Suppose 0 = -w - 2, x = -5*w + u*w + 138. What is the tens digit of x?
2
Suppose -7936 = -9*w - 7*w. Suppose w = -2*h - 3*n + 1415, -2*h + 918 = 4*n. What is the hundreds digit of h?
4
Let z be 1 - (-10)/(-6)*-3. Suppose z*u + 10*u - 7392 = 0. What is the hundreds digit of u?
4
Let x(p) = 5*p**2 - 10*p - 12. Let a be x(6). Suppose -d - a = -10*d. Let f = 114 - d. What is the tens digit of f?
0
What is the hundreds digit of (6/14 - (-2441951)/(-1652))*-4?
9
Suppose 28*s - 751445 + 64466 = 128801. What is the ten thousands digit of s?
2
Suppose -24 = -4*t, -l + 12999 = 44*t - 41*t. What is the units digit of l?
1
Let h(d) = d + 6. Suppose -5*s + 81 - 21 = 0. Let a be h(s). Suppose -4*q + 3*v - a = -57, 5*v = 15. What is the units digit of q?
2
Let c(j) = j**3 - j**2 - j. Let b be c(1). Suppose g = -2*x + 3*x - 1, 4*g + 6 = 2*x. What is the units digit of -30*(0 - (b - g))?
0
Let i(h) be the third derivative of 5*h**4/4 + 59*h**3/3 + 13*h**2 + 2*h. What is the units digit of i(5)?
8
Suppose -4*f + 7805 = 977. Let z = 2512 - f. What is the units digit of z?
5
Let d = 1948 + -376. Let v = d + -871. What is the tens digit of v?
0
Suppose 4320320 = 53*w + 181*w - 50*w. What is the thousands digit of w?
3
Let f(l) = 5*l - 67. Let k be f(15). Suppose -k*y - 946 = -3*q - 10*y, 0 = -q - 5*y + 298. What is the hundreds digit of q?
3
Suppose -233470 = -18*j + 175850. What is the ten thousands digit of j?
2
Suppose 2*w + 3*g - 64642 = 0, -4*w + 64*g + 129266 = 67*g. What is the units digit of w?
2
Suppose 3*k - 10*k + 182 = 0. Suppose -n = -4*w + 6*w, -3*w + 5*n = -k. Suppose -f = -4*p + 4*f + 102, 0 = w*p - 2*f - 52. What is the units digit of p?
8
Let j = -675 - -218. Let i = 771 + j. What is the tens digit of i?
1
Let p = -51 + 56. Suppose 0 = 5*a + 15 + p. Let w(k) = -7*k - 17. What is the tens digit of w(a)?
1
Let n(d) = -3*d**2 + 39*d - 28. Let c be n(14). What is the units digit of 10065/21 + 20/c?
9
Let h(l) = 590*l - 14. Let g be h(8). Suppose 5*r = 31*r - g. What is the units digit of r?
1
Let v(h) = -47*h**3 - h**2 - h + 1. Let y be v(-1). Let u = 86 - y. Let q = 42 + u. What is the tens digit of q?
8
Let v = 91 - 92. Let z be v + -2 - (16 + -15). What is the tens digit of (-2 - 0)*92/z?
4
Let y(k) = -1. Let i(d) = -488*d**2 + 2*d + 4. Let q(t) = -i(t) - 2*y(t). What is the units digit of q(1)?
4
Let w be (5354/(-8) - -1) + 120/(-160). Let p = 1498 + w. What is the units digit of p?
9
Let h(t) = -2*t**2 - 57*t + 18. Let s(b) = -29*b + 236. Let n be s(9). What is the hundreds digit of h(n)?
1
Let l be ((-12)/2)/(2/(-4)). Let p(j) = 13*j**3 - 10*j**2 + j - 18. Let b(m) = 2*m**3 + 2*m + 1. Let h(w) = -6*b(w) + p(w). What is the units digit of h(l)?
2
Suppose -64 = -3*v + 4*x, 2*v + 4*x = 11 + 25. Suppose -v = -28*n + 23*n. Suppose 236 = n*s + g - 437, -3*s +